the units digit of f(-8)?
4
Suppose -547 + 61 = -9*t. What is the units digit of t?
4
Let w = -76 - -130. What is the tens digit of w?
5
Let f = 25 - 22. Suppose 2*a + a - f*j = 75, 65 = 4*a + 3*j. What is the units digit of a?
0
Let k = 39 + -17. Let v = k + -3. What is the units digit of v?
9
Let f be (-5538)/21 + (-2)/7. What is the tens digit of 2/9 - f/27?
1
Let z = -5 - 12. Let h = z - -44. What is the units digit of h?
7
Suppose p + d - 12 = -2*d, -4 = -2*p + 4*d. Let h(u) = -u**3 + 5*u**2 - 2 - 3 + 0*u**2 + 7*u. What is the units digit of h(p)?
1
Suppose 2*y + 3*z = -39 + 129, 5*y + 4*z - 239 = 0. What is the tens digit of y?
5
What is the units digit of (-4 - -1) + (37 - 1)?
3
Let p = -29 - -26. What is the units digit of p + 4 - -3 - -26?
0
Suppose 1 = -s + 77. What is the units digit of s?
6
Let p(g) = 114*g**2 - g. Let o be p(-1). Suppose 5*c + 20 = o. What is the tens digit of c?
1
Let g(n) = -2*n**3 - 21*n**2 - 12*n + 27. What is the units digit of g(-10)?
7
Let b(x) = 9*x**2 + x - 26. What is the units digit of b(5)?
4
Let q(d) = d**3 + 3*d**2 - 1. Let s be q(-2). Suppose 5*o - 51 = -4*w, 0 = -o + s*w + w - 9. What is the units digit of o?
7
Let r be 0 + 4*(-1 + 8). Suppose r = 3*x + x. What is the units digit of x?
7
Suppose -5*a - 24 = -4*i, 2 = 4*i - 2. What is the tens digit of a/6 + (-175)/(-15)?
1
Suppose -10 = -4*v + 14. Suppose 4*y - 62 = -2*o, -3*y + v*y - 29 = 2*o. What is the tens digit of y?
1
Suppose -i - 3*h + 47 = -h, 3*h = -3*i + 132. What is the tens digit of i?
4
Suppose 108 = 3*u - 7*u. Let w = 44 + u. What is the tens digit of w?
1
Let v(m) = 4*m - 5. Let a be v(8). Let g = a - 15. What is the tens digit of g?
1
Let b = 74 - 45. What is the tens digit of b?
2
Let l(y) = 210*y**3 - 2*y**2 + y - 1. What is the tens digit of l(1)?
0
Suppose 0*t + 95 = 5*t. What is the tens digit of t?
1
Suppose 3*v = 173 + 247. What is the hundreds digit of v?
1
Let v = 149 + -58. What is the units digit of v?
1
Let t be (-7)/(28/(-8))*-1. Let m = t + 13. What is the tens digit of m?
1
What is the units digit of 7/((-14)/4) + (-25)/(-1)?
3
Let g(w) = -w**2 + 5*w - 4. Let h be g(4). Suppose h*m + 2 = m. What is the units digit of 1*(1 - m)*-8?
8
Suppose 2*f - i + 3 = f, -11 = 3*f - 2*i. Let u = f + 10. What is the units digit of u?
5
Let r be 4450/15 + (-1)/(-3). Suppose 4*k - 236 = -4*g + 8*g, -5*k + 4*g + r = 0. What is the units digit of k?
1
Let n(w) = -71*w + 3. What is the hundreds digit of n(-4)?
2
Let i = 47 + 143. Suppose -5*o = -5 - i. What is the units digit of o?
9
Let o(b) = 101 - 4*b - 11*b**3 + 3*b - 103 + b**2. What is the units digit of o(-1)?
1
Suppose 0 = -5*l - 2*q + 293, -2*l + 6*l - 3*q - 216 = 0. What is the tens digit of l?
5
Let a = -224 + 389. What is the units digit of a?
5
Suppose -j + 3 - 1 = 0. What is the units digit of j?
2
Let q(d) = -d**2 - 15*d - 22. What is the tens digit of q(-11)?
2
Suppose -5*o + 2*o + 24 = 0. Suppose -28 = -o*s + 4*s. What is the units digit of s?
7
Let l(k) = -k**3 + 6*k**2 - 2*k + 4. Let u be l(4). Suppose -c - d + u = 0, -5*d + 50 = -4*c + 180. What is the tens digit of c?
3
What is the tens digit of (-17700)/(-80) + (-2)/8?
2
Let c = -102 + 343. Let a be 2/9 + c/9. Suppose 0 = 5*t + 3*w - 20 + 4, -4*w = -3*t + a. What is the units digit of t?
5
Suppose 12 + 4 = 2*b. Let x be (-2 - 1)*b/6. Let z = 7 + x. What is the units digit of z?
3
Let j be ((-21)/6*-4)/2. Suppose 2*n - 5 = j. What is the units digit of ((-2)/n + 0)*-21?
7
Let i = -111 - -233. What is the hundreds digit of i?
1
What is the tens digit of (-58)/(-6) - (-1)/3?
1
Let l be (-5 - -3)/((-4)/(-10)). Let z = l + 7. What is the units digit of z?
2
Let m(r) = r**2 + 2*r + 171. What is the hundreds digit of m(0)?
1
Let t be 4/6 - 280/(-30). Suppose -l + 2*l + 6 = 0. Let y = t + l. What is the units digit of y?
4
Suppose 2*z - 6*z + 1108 = 0. What is the units digit of z?
7
What is the units digit of 25/(-5)*(-2)/10?
1
Suppose 5*a - 453 + 133 = 0. What is the units digit of a?
4
What is the units digit of 3 - 5 - (-5 + -2)*6?
0
Suppose 0 = 6*q - 7*q + 6. What is the units digit of q?
6
Let w be (-1 + 2/6)*-3. Suppose 4*f - w*f = -4. Let t = f - -6. What is the units digit of t?
4
Let v be 2 + 3/((-6)/(-4)). Let c be -1 + v*(-6)/(-4). Suppose -c*j + 3*q = -0*j - 75, -3*j - 3*q = -21. What is the units digit of j?
2
Let b(z) = -z**3 + 9*z**2 - 8*z + 10. Let w be b(8). What is the units digit of 4/w - 424/(-40)?
1
Suppose 5 = -2*s + 25. Suppose 8 = a + 2*x, x + x - 32 = -4*a. Let p = s - a. What is the units digit of p?
2
Let r be (52/(-6))/((-10)/30). Suppose 4*y - 3*y - r = 0. What is the tens digit of y?
2
Suppose 7*h - 84 = -0*h. Suppose 0 = 4*y + h, 4*y + 0*y = 2*k - 116. What is the tens digit of k?
5
Let x be (-2)/4 + 15/6. Suppose -p = -5*a + 13, 5 = x*p + 1. What is the units digit of a?
3
Suppose 2*d - 5*u - 145 - 15 = 0, 0 = 3*d + 3*u - 261. Let r = d + -49. What is the units digit of r?
6
Let y(n) = n**2 + 4*n + 1. Let v be y(-5). Let r(s) = 3*s**3 + 8*s - 11 - 2*s**3 - 9*s**2 + 5 + 2*s**2. What is the units digit of r(v)?
6
Let l = 106 - -8. What is the tens digit of l?
1
Let p(u) = u**3 + 5*u**2 - 3*u - 4. Let q(d) = -d**3 - 6*d**2 + 4*d + 5. Let h(t) = -5*p(t) - 4*q(t). What is the units digit of h(-2)?
6
Let k = 5 - 2. Suppose 3*x - 5*d - 106 = -k, -2*d + 49 = x. What is the units digit of x?
1
Let s(g) = g - 6*g**2 + g - g**3 + 7 - 8*g. Let i be (5/(-4))/((-20)/(-80)). What is the units digit of s(i)?
2
Suppose -9*k + 8*k + 35 = 0. Suppose 4*m - 13 = q, -6*q = 5*m - q - k. What is the units digit of m?
4
Let z(g) = 2*g**2 + 6*g - 5. What is the units digit of z(-5)?
5
Let f = 6 - 6. Suppose c + 4*c - 10 = f. What is the tens digit of 13 - 6/(-4)*c?
1
Let a(y) = y**2 + 6*y + 3. Let v be a(-6). Suppose v*z - 4*z + 15 = 0. What is the tens digit of z?
1
Let s = 28 - -32. What is the tens digit of s?
6
Suppose 3*r - 3*f = 30, -3*r - 3*f + 4*f = -22. What is the units digit of 4*(r/(-8) + 2)?
5
Let v be 9/(-6)*24/(-9). Suppose -v*k - 3*x - 2 = k, 1 = 4*k + 5*x. Let g = 15 - k. What is the units digit of g?
6
Let a(q) = q**3 - 7*q**2 + 4*q - 8. What is the tens digit of a(7)?
2
Suppose -3*l - 2*s - 4 = -2*l, 5*l = -2*s + 20. What is the units digit of l?
6
Let y = -14 - -34. Suppose -c + y = -5*c. Let o(b) = b**2 + 6*b + 6. What is the units digit of o(c)?
1
Let f(x) = 48*x + 12. What is the hundreds digit of f(5)?
2
Suppose -3*x = -5*x + 60. Suppose -x = -4*i - i. What is the units digit of i?
6
Suppose p = -3*b - 2 - 11, 5*p = -20. Suppose 2*h = -0*h - 6. What is the units digit of (((-9)/b)/h)/(-1)?
1
Suppose w - 9 = 22. What is the units digit of w?
1
What is the units digit of 6 + -2 - (0 + -1)?
5
Let s = 27 - 5. What is the tens digit of s?
2
Let q(t) = t**3 + 5*t**2 - 7*t - 10. What is the units digit of q(-5)?
5
Suppose -c + 55 = 4*j - 4, 3*c - 170 = -5*j. What is the units digit of c?
5
Let k = -31 + 3. What is the units digit of (k/6)/(14/(-21))?
7
Let p(l) = -l**2 + 4*l - 2. Let t be p(4). Let b be (t - -1) + 1 + 0. Let w = b + 3. What is the units digit of w?
3
Let h(v) = v**2 + 3*v - 11. Let l(d) = -d**2 - 2*d + 11. Let t(g) = 4*h(g) + 3*l(g). What is the tens digit of t(-9)?
1
Suppose 0 = 5*m - 3*m - 26. Suppose 0 = -2*p - 7 - 7. Let t = p + m. What is the units digit of t?
6
Let l = -59 - -129. Let i = l + -33. What is the units digit of i?
7
Suppose 4*a - 5*l - 625 = 0, 5*l = -0*l - 5. What is the tens digit of a?
5
What is the units digit of -678*3/18*-3?
9
Let m(u) = -2 - 5 - 2*u + 1. Let s be m(-6). Suppose 3*l = s - 0. What is the units digit of l?
2
Let j be (1 - 5/2)*-2. Suppose -3*u + 1 = -4*l, -j*u = -l + 2*u - 13. Suppose l*o + r = -1, o + 3*r + 5 = -4*o. What is the units digit of o?
2
What is the units digit of 10/20 - (-26)/4?
7
Suppose 0 = -6*b + 105 + 105. What is the units digit of b?
5
Let h be (0 + 2 - 0)/1. Suppose h*v - 4*p + 4 = p, 5 = v + p. What is the units digit of v?
3
Let j be 2 - (-4)/(-6)*12. Let n(c) = c**3 + 7*c**2 + 2*c - 5. What is the units digit of n(j)?
9
Suppose -165 - 30 = -2*n - 3*g, 3*n - g - 309 = 0. What is the tens digit of n?
0
Let h(p) = -p**2 + 12*p - 19. What is the tens digit of h(8)?
1
Let z(p) = -2*p**3 - 2*p**2 + p. Let i be z(1). What